{"id":373,"date":"2024-05-08T07:45:15","date_gmt":"2024-05-08T05:45:15","guid":{"rendered":"https:\/\/www.tennis-saintes.fr\/?page_id=373"},"modified":"2025-08-29T05:01:59","modified_gmt":"2025-08-29T03:01:59","slug":"le-tennis-padel-club-de-saintes","status":"publish","type":"page","link":"https:\/\/www.tennis-saintes.fr\/?page_id=373","title":{"rendered":"Le Tennis &amp; Padel club de Saintes"},"content":{"rendered":"\n<p>Le tennis &amp; padel club de Saintes est un club public, il vous propose de pratiquer le tennis et\/ou le padel \u00e0 travers diff\u00e9rentes formes de pratiques. Vous pourrez jouer en famille, entre amis, en \u00e9quipes, pour vous amuser, pour progresser et\/ou faire de la comp\u00e9tition \u00e0 tous les niveaux. <\/p>\n\n\n\n<p>Le club dispose <strong><mark style=\"background-color:rgba(0, 0, 0, 0)\" class=\"has-inline-color has-vivid-purple-color\">d&rsquo;un club house<\/mark><\/strong>, de <strong><mark style=\"background-color:rgba(0, 0, 0, 0)\" class=\"has-inline-color has-vivid-red-color\">4 courts couverts et 5 courts ext\u00e9rieurs de tennis dont une terre battue, de 2 pistes ext\u00e9rieurs de Padel<\/mark> <\/strong>et <strong><mark style=\"background-color:rgba(0, 0, 0, 0)\" class=\"has-inline-color has-vivid-red-color\">de 2 nouvelles pistes int\u00e9rieures<\/mark><\/strong> <strong><mark style=\"background-color:rgba(0, 0, 0, 0)\" class=\"has-inline-color has-vivid-red-color\">de Padel <\/mark><\/strong>(depuis D\u00e9c 2024).<\/p>\n\n\n\n<div class=\"wp-block-group\"><div class=\"wp-block-group__inner-container is-layout-constrained wp-block-group-is-layout-constrained\">\n<figure class=\"wp-block-image size-full is-resized is-style-rounded\"><img loading=\"lazy\" decoding=\"async\" width=\"2000\" height=\"1500\" src=\"https:\/\/www.tennis-saintes.fr\/wp-content\/uploads\/2024\/05\/DJI_0195-1.jpg\" alt=\"\" class=\"wp-image-376\" style=\"width:325px;height:auto\" srcset=\"https:\/\/www.tennis-saintes.fr\/wp-content\/uploads\/2024\/05\/DJI_0195-1.jpg 2000w, https:\/\/www.tennis-saintes.fr\/wp-content\/uploads\/2024\/05\/DJI_0195-1-300x225.jpg 300w, https:\/\/www.tennis-saintes.fr\/wp-content\/uploads\/2024\/05\/DJI_0195-1-1024x768.jpg 1024w, https:\/\/www.tennis-saintes.fr\/wp-content\/uploads\/2024\/05\/DJI_0195-1-768x576.jpg 768w, https:\/\/www.tennis-saintes.fr\/wp-content\/uploads\/2024\/05\/DJI_0195-1-1536x1152.jpg 1536w\" sizes=\"auto, (max-width: 2000px) 100vw, 2000px\" \/><\/figure>\n<\/div><\/div>\n\n\n\n<p><strong>Le club est une association loi 1901<\/strong> dirig\u00e9 par un comit\u00e9 \u00e9lu tous les ans par une assembl\u00e9e g\u00e9n\u00e9rale compos\u00e9e des membres actifs. Il poss\u00e8de, des statuts officiels, un r\u00e9glement int\u00e9rieur, une application de r\u00e9servation d\u00e9di\u00e9e et des chartes (\u00e9cole de tennis, \u00e9quipes&#8230;) r\u00e9gissant l&rsquo;activit\u00e9 du club.<\/p>\n\n\n\n<p><strong><mark style=\"background-color:rgba(0, 0, 0, 0)\" class=\"has-inline-color has-vivid-red-color\">De nombreux b\u00e9n\u00e9voles et 6 salari\u00e9s<\/mark><\/strong> s&rsquo;engagent activement pour faire vivre le T.P.C Saintes et offrir aux 600 membres et joueurs occasionnels un moment agr\u00e9able et de qualit\u00e9.<\/p>\n\n\n\n<p>Consultez la <a href=\"https:\/\/www.tennis-saintes.fr\/?p=673\" data-type=\"link\" data-id=\"https:\/\/www.tennis-saintes.fr\/?p=673\"><strong>Plaquette Club 25\/2<\/strong><\/a>6<\/p>\n\n\n\n<p>D\u00e9couvrez notre <strong><a href=\"https:\/\/www.tennis-saintes.fr\/?p=233\" data-type=\"link\" data-id=\"https:\/\/www.tennis-saintes.fr\/?p=233\">Equipe p\u00e9dagogique du T.P.C<\/a><\/strong><\/p>\n\n\n\n<p>Les b\u00e9n\u00e9voles du <strong><a href=\"https:\/\/www.tennis-saintes.fr\/?p=383\" data-type=\"link\" data-id=\"https:\/\/www.tennis-saintes.fr\/?p=383\">Comit\u00e9 directeur 2024\/2025<\/a><\/strong><\/p>\n\n\n\n<p><\/p>\n","protected":false},"excerpt":{"rendered":"<p>Le tennis &amp; padel club de Saintes est un club public, il vous propose de pratiquer le tennis et\/ou le padel \u00e0 travers diff\u00e9rentes formes&hellip;<\/p>\n","protected":false},"author":1,"featured_media":0,"parent":0,"menu_order":0,"comment_status":"closed","ping_status":"closed","template":"","meta":{"footnotes":""},"class_list":["post-373","page","type-page","status-publish","hentry"],"_links":{"self":[{"href":"https:\/\/www.tennis-saintes.fr\/index.php?rest_route=\/wp\/v2\/pages\/373","targetHints":{"allow":["GET"]}}],"collection":[{"href":"https:\/\/www.tennis-saintes.fr\/index.php?rest_route=\/wp\/v2\/pages"}],"about":[{"href":"https:\/\/www.tennis-saintes.fr\/index.php?rest_route=\/wp\/v2\/types\/page"}],"author":[{"embeddable":true,"href":"https:\/\/www.tennis-saintes.fr\/index.php?rest_route=\/wp\/v2\/users\/1"}],"replies":[{"embeddable":true,"href":"https:\/\/www.tennis-saintes.fr\/index.php?rest_route=%2Fwp%2Fv2%2Fcomments&post=373"}],"version-history":[{"count":6,"href":"https:\/\/www.tennis-saintes.fr\/index.php?rest_route=\/wp\/v2\/pages\/373\/revisions"}],"predecessor-version":[{"id":1327,"href":"https:\/\/www.tennis-saintes.fr\/index.php?rest_route=\/wp\/v2\/pages\/373\/revisions\/1327"}],"wp:attachment":[{"href":"https:\/\/www.tennis-saintes.fr\/index.php?rest_route=%2Fwp%2Fv2%2Fmedia&parent=373"}],"curies":[{"name":"wp","href":"https:\/\/api.w.org\/{rel}","templated":true}]}}